ghest common factor of 85 and 15?
5
What is the greatest common divisor of 54 and 438?
6
What is the greatest common divisor of 114 and 5168?
38
Calculate the greatest common divisor of 108 and 768.
12
Calculate the greatest common factor of 56 and 154.
14
What is the greatest common factor of 793 and 183?
61
What is the greatest common factor of 1947 and 33?
33
Calculate the greatest common factor of 112 and 392.
56
Calculate the greatest common divisor of 4800 and 675.
75
Calculate the highest common factor of 56 and 364.
28
What is the highest common factor of 195 and 885?
15
Calculate the greatest common factor of 276 and 36.
12
What is the highest common factor of 567 and 42?
21
What is the greatest common divisor of 594 and 783?
27
Calculate the highest common divisor of 20 and 575.
5
Calculate the greatest common divisor of 14832 and 288.
144
Calculate the highest common factor of 56 and 266.
14
Calculate the greatest common divisor of 184 and 299.
23
What is the greatest common factor of 6467 and 1784?
223
Calculate the greatest common divisor of 603 and 9.
9
Calculate the greatest common divisor of 230 and 506.
46
What is the greatest common factor of 280 and 6020?
140
Calculate the greatest common divisor of 32 and 6128.
16
What is the greatest common divisor of 427 and 183?
61
What is the greatest common divisor of 19332 and 108?
108
What is the highest common divisor of 14 and 28?
14
What is the highest common factor of 26 and 2951?
13
Calculate the greatest common divisor of 80 and 790.
10
Calculate the highest common divisor of 49 and 1323.
49
What is the highest common divisor of 507 and 273?
39
Calculate the highest common factor of 836 and 76.
76
Calculate the greatest common divisor of 3604 and 2120.
212
Calculate the highest common factor of 28 and 812.
28
Calculate the highest common divisor of 1653 and 58.
29
What is the greatest common factor of 24 and 468?
12
Calculate the greatest common divisor of 34 and 4.
2
What is the greatest common divisor of 61 and 17141?
61
What is the greatest common factor of 47 and 1645?
47
Calculate the highest common factor of 6450 and 15.
15
What is the highest common divisor of 1434 and 6?
6
Calculate the highest common divisor of 46 and 368.
46
What is the highest common divisor of 104 and 2197?
13
What is the greatest common divisor of 32 and 27488?
32
Calculate the greatest common factor of 7 and 623.
7
What is the greatest common factor of 35259 and 23?
23
What is the greatest common factor of 8 and 26?
2
What is the greatest common factor of 748 and 44?
44
What is the greatest common factor of 3 and 230?
1
Calculate the highest common divisor of 4181 and 1808.
113
Calculate the greatest common divisor of 130 and 50.
10
Calculate the greatest common factor of 575 and 345.
115
What is the greatest common divisor of 45 and 2160?
45
What is the greatest common divisor of 3969 and 54?
27
Calculate the highest common divisor of 1081 and 23.
23
What is the highest common factor of 12 and 258?
6
What is the highest common factor of 63 and 1035?
9
What is the greatest common factor of 8 and 12?
4
What is the greatest common divisor of 1140 and 60?
60
What is the highest common divisor of 270 and 470?
10
Calculate the highest common factor of 3757 and 26.
13
What is the greatest common factor of 814 and 286?
22
What is the greatest common divisor of 98 and 126?
14
Calculate the highest common factor of 1685 and 5.
5
What is the greatest common factor of 1908 and 3392?
212
What is the highest common divisor of 1188 and 99?
99
What is the greatest common factor of 14555 and 355?
355
Calculate the greatest common divisor of 276 and 1863.
69
Calculate the highest common factor of 16 and 48896.
16
Calculate the greatest common factor of 555 and 3663.
111
Calculate the highest common divisor of 150 and 45.
15
What is the highest common divisor of 1890 and 40?
10
What is the highest common divisor of 750 and 10?
10
What is the highest common divisor of 448 and 14?
14
What is the greatest common factor of 95 and 10?
5
Calculate the greatest common factor of 64 and 808.
8
Calculate the greatest common divisor of 4 and 568.
4
Calculate the highest common factor of 140 and 20.
20
What is the highest common factor of 550 and 418?
22
What is the highest common divisor of 3495 and 3961?
233
What is the greatest common divisor of 29090 and 10?
10
Calculate the greatest common factor of 16 and 7712.
16
What is the greatest common divisor of 390 and 180?
30
Calculate the highest common factor of 444 and 996.
12
Calculate the greatest common divisor of 192 and 1.
1
Calculate the greatest common factor of 6480 and 20.
20
Calculate the greatest common factor of 61 and 488.
61
What is the highest common divisor of 408 and 8466?
102
Calculate the greatest common divisor of 87 and 29.
29
What is the highest common divisor of 10 and 18?
2
What is the highest common divisor of 98 and 6?
2
Calculate the highest common factor of 6014 and 291.
97
What is the highest common factor of 328 and 86756?
164
What is the highest common factor of 10 and 790?
10
What is the highest common divisor of 36040 and 8?
8
Calculate the greatest common factor of 14 and 616.
14
Calculate the highest common divisor of 884 and 26.
26
Calculate the highest common factor of 108 and 5238.
54
What is the highest common divisor of 1365 and 1430?
65
What is the highest common factor of 216 and 135?
27
What is the highest common divisor of 42 and 7518?
42
Calculate the highest common factor of 414 and 17664.
138
Calculate the greatest common divisor of 912 and 48.
48
Calculate the greatest common factor of 243 and 54.
27
Calculate the greatest common divisor of 368 and 44.
4
What is the highest common divisor of 7171 and 284?
71
What is the highest common factor of 18 and 4914?
18
Calculate the greatest common divisor of 21 and 1050.
21
What is the greatest common factor of 6204 and 108?
12
Calculate the highest common factor of 42 and 1458.
6
What is the greatest common divisor of 812 and 644?
28
What is the greatest common divisor of 42 and 7413?
21
Calculate the highest common factor of 49 and 7.
7
Calculate the greatest common divisor of 44 and 594.
22
Calculate the greatest common divisor of 2064 and 86.
86
Calculate the highest common divisor of 250 and 20.
10
What is the greatest common factor of 196 and 140?
28
Calculate the greatest common factor of 376 and 658.
94
What is the highest common divisor of 154 and 350?
14
What is the greatest common divisor of 72 and 552?
24
Calculate the highest common divisor of 84 and 14.
14
What is the greatest common factor of 56 and 1456?
56
What is the greatest common factor of 396 and 572?
44
What is the greatest common factor of 609 and 21?
21
What is the greatest common factor of 145 and 25?
5
Calculate the greatest common factor of 1014 and 858.
78
What is the highest common factor of 178 and 4450?
178
Calculate the highest common divisor of 1405 and 8992.
281
What is the greatest common divisor of 8 and 152?
8
Calculate the greatest common divisor of 1092 and 4.
4
What is the highest common factor of 162 and 270?
54
What is the greatest common factor of 176 and 1188?
44
What is the greatest common factor of 72 and 10998?
18
What is the greatest common factor of 539 and 22?
11
Calculate the greatest common divisor of 2717 and 286.
143
Calculate the highest common divisor of 174 and 58.
58
Calculate the greatest common factor of 2163 and 21.
21
Calculate the highest common factor of 5 and 49.
1
What is the greatest common divisor of 36 and 2511?
9
What is the greatest common divisor of 24 and 200?
8
Calculate the highest common factor of 202 and 6.
2
Calculate the highest common divisor of 180 and 1160.
20
Calculate the highest common factor of 94 and 423.
47
What is the highest common divisor of 117 and 1443?
39
What is the highest common factor of 1508 and 12?
4
What is the highest common divisor of 48 and 18?
6
What is the highest common factor of 78 and 26?
26
What is the highest common divisor of 234 and 13?
13
What is the highest common divisor of 232 and 32?
8
What is the highest common divisor of 40 and 60?
20
What is the highest common factor of 575 and 35?
5
What is the greatest common 